3))/(-2). What is the units digit of p(c)?
8
Suppose 0 = 3*b + 2*b - c - 52, b = 3*c + 2. What is the tens digit of b?
1
Let q(a) = -5*a + 11. Let f(m) = -5*m + 11. Let v(b) = -5*f(b) + 6*q(b). What is the tens digit of v(-5)?
3
Let d(u) = u**2 + 2*u - 52. What is the tens digit of d(9)?
4
Suppose -q - 2*c + 197 = 0, 0*q = 2*q - c - 409. What is the hundreds digit of q?
2
Let o(g) = 20*g**3 - 4*g**2 + 5*g - 3. What is the hundreds digit of o(2)?
1
Suppose -m + 9 + 17 = 0. Suppose -3*j + v = -7*j + m, -2*v = 3*j - 17. What is the units digit of j?
7
Let q be 6 + 4/(-4) + 2. Suppose 2*a - 32 = 4*j, -2*j + 41 = 3*a - q. What is the units digit of a?
6
What is the tens digit of (-21)/35 - 253/(-5)?
5
Let k(x) = x**3 - 3*x**2 + 4*x - 2. Let o be k(3). Suppose -4*p + 7 = -13. Let m = o - p. What is the units digit of m?
5
Let s = -20 - -28. Suppose -4*h + 12 = -s. What is the units digit of h?
5
Let u(w) be the first derivative of w**3/3 - w**2/2 + 12*w - 1. Suppose 5*v = 5*k + 25, -2*v = v - k - 5. What is the units digit of u(v)?
2
Let l = 77 + -37. What is the units digit of l?
0
Let c(r) = 5*r**2 - 3*r + 5. What is the tens digit of c(2)?
1
Let t be 4/3*3/2. Suppose 3*o = -t + 5. What is the units digit of o?
1
Let l(c) = c**3 - 3*c**2 + 2*c + 6. Let b be l(-5). What is the units digit of b/(-28) - 4/14?
7
Let u = 76 + -73. Suppose -2*y - 8 = 5*p - 48, 2*p - 3*y = 16. Let x = u + p. What is the units digit of x?
1
Suppose 3*m = -3*o + 5 + 1, 2*o = -4*m + 10. What is the units digit of m?
3
Let w = 1 - -4. Let l(n) be the third derivative of n**6/120 - n**5/15 - 5*n**4/24 + n**3/6 + 2*n**2. What is the units digit of l(w)?
1
Let v(c) = -c**3 + 8*c**2 + c - 5. Let r be v(8). Let d(t) = 0*t - r*t + 14*t. What is the units digit of d(1)?
1
Suppose -2*v - 205 = -5*g, 37 = 5*v + 12. What is the units digit of g?
3
Suppose 0*m - m - 3*d = 2, -2*m + 2*d = 4. Let x be -1 + (m/(-1))/2. Suppose x*u = -2*u + 16. What is the units digit of u?
8
Suppose 10*q = 5*q + 25. Suppose q*r + 15 = n, -5*n - 12 = 3*r + r. What is the units digit of (4 + n + -1)*5?
5
Let r = 0 - -2. Suppose 2*i - r + 0 = 0. What is the units digit of i?
1
Suppose 5*g - 3 - 12 = 0. Suppose 0 = -4*f + 1 + g. What is the units digit of f?
1
Let p(u) = 1 - u - 7 + 1. Suppose -7*s = -3*s + 36. What is the units digit of p(s)?
4
Suppose 4*q - 3*f = q - 39, -q = -5*f + 29. Let b = q - -16. What is the units digit of b?
7
Let n(m) = 2*m**2 + m + 32. What is the tens digit of n(-10)?
2
What is the units digit of 2/(16/62)*4?
1
Let f = 38 - -21. What is the units digit of f?
9
Let w(r) = r + 15. Let t be w(-13). What is the units digit of (t - 3) + -4 + 9?
4
Suppose -66 = 7*s - 8*s. What is the tens digit of s?
6
Suppose -1107 = -15*n + 12*n. What is the tens digit of n?
6
Let g be -23*2/2 - 2. Let c = g + 58. What is the tens digit of c?
3
Suppose -8*f = 3*f - 176. What is the units digit of f?
6
Suppose -115 = -3*r + 92. Suppose 3*c = 2*g - 7*g + 21, 5*c = 3*g + r. Suppose -4*f = 4*z + c, -4*z - 5 = 2*f - 1. What is the units digit of z?
1
Suppose -45 = 3*g - 228. What is the units digit of g?
1
What is the units digit of (88/(-12))/((-1)/72*2)?
4
Let z(d) = d**3 + 11*d**2 + d + 5. Let w be z(-10). Suppose -20 = 3*p - w. What is the tens digit of p?
2
Let p(d) = -6 + 0 - d**2 + 11*d - 1. Let o be p(9). Let t = -7 + o. What is the units digit of t?
4
Let k(q) = -q**3 - 3*q**2 + 2*q - 7. What is the units digit of k(-5)?
3
Suppose 5*j = 9 + 21. What is the units digit of j?
6
Let r(s) = 2*s**2 + 7*s - 25. What is the units digit of r(-9)?
4
Suppose 4*i + p = -p - 4, -i + 9 = -2*p. Let q(y) = y + 6. Let x be q(-5). What is the units digit of i - (-2*1)/x?
3
Let s = -12 + 12. What is the tens digit of (20 - s) + (-27)/(-9)?
2
Let a(s) = -s**3 - 7*s**2 - 7*s - 8. Let u be a(-6). What is the units digit of 8/(-6)*3/u?
2
Let b(p) = -3*p**3 + 7*p**2 + 8. Let v(l) = -7*l**3 + 14*l**2 + l + 16. Let i(x) = 5*b(x) - 2*v(x). What is the tens digit of i(6)?
3
What is the units digit of 37/1 + (-7 - -5)?
5
What is the units digit of 42/(6/2) - (3 + -1)?
2
Let c(p) = -2*p - 1 - 2 - p**3 + 6*p**2 + 2 + 2. What is the units digit of c(3)?
2
Let d be 32/5 - 2/5. Let n(s) = -3*s**2 + 9*s + s**2 - 2*s - 1 + 7*s**2 - s**3. What is the units digit of n(d)?
5
Let b(l) = 19*l - 4. Let m be b(4). Suppose 3*z - m = -0*z. What is the units digit of z?
4
Let r(i) = -i**3 - 11*i**2 + 11. What is the units digit of r(-11)?
1
Let s(i) = i**2 + 5*i + 2. Let y be s(-5). Let f = 2 - y. Let u = 2 + f. What is the units digit of u?
2
Suppose 4*z - 71 = -2*p + 17, -112 = -3*p - z. What is the tens digit of p?
3
Let k(l) = l + 11. Let u = -10 - -15. What is the tens digit of k(u)?
1
Let b(t) = -t**3 + 4*t**2 - t - 4. Suppose -2*h - 2 - 2 = -5*x, 0 = 5*x + 5*h + 10. Suppose -15 = -5*y - x. What is the units digit of b(y)?
2
Suppose 3*u + 17 = b - 3*b, 5*b = -20. Let f(y) = y**2 + 3*y + 1. What is the units digit of f(u)?
1
Let b(x) = -x**2 + 2*x + 2. Let g be b(3). Let p(c) = -8*c**3 + 2*c**2 + 3*c**2 - 4*c**2. What is the units digit of p(g)?
9
Suppose -2*w = o - 5*o + 26, -5*w + 10 = 5*o. What is the units digit of o?
5
Let q be (1 - 4) + 5 + -3. What is the units digit of 1 + (-16)/(q - 1)?
9
Let o(f) = -3*f - 2. Let i be o(-4). Suppose 3*j - 5*q - 18 + 5 = 0, 4*q - i = -j. What is the units digit of j?
6
Let i(l) = l**2 + 8*l - 10. What is the tens digit of i(-13)?
5
Let m = 78 - 6. What is the tens digit of m?
7
What is the tens digit of (-36)/10*10/(-2)?
1
Let h be ((-5)/10)/((-2)/(-20)). Let q = h - -6. What is the units digit of 10 - (-2*q - -4)?
8
Let y = 24 + 5. What is the tens digit of y?
2
Let l = -29 - -58. Suppose -27 - l = -4*r. Suppose g = -g + r. What is the units digit of g?
7
Let i(w) = -w**3 + 3*w**2 + 3*w. Let a(b) = b**2 + 8*b + 4. Let p be a(-9). Suppose g = -4*k - p, -k - 14 = 2*g + 4*k. What is the units digit of i(g)?
9
Suppose 3*s - s - 5*a + 57 = 0, 0 = 4*a - 20. Let c = 67 - 38. Let u = c + s. What is the units digit of u?
3
Suppose c = -c + 2. Let f = 12 - c. What is the tens digit of f?
1
Let o = 1 + 1. Suppose -o*c + 13 = -7. What is the units digit of c?
0
Let s be (-8)/36 - 38/(-9). Suppose s*m - 15 = m. Suppose 7 = c - m*d, 0 = -5*c - 5*d + 9 - 4. What is the units digit of c?
2
Let n be 3/((3/5)/1). Suppose -2*k + 24 + 2 = 5*y, -2*y = -n*k + 36. What is the units digit of k?
8
Suppose 0 = -40*r + 44*r - 328. What is the units digit of r?
2
Suppose 4*s - 150 = s. Suppose -s = -4*w - 10. What is the tens digit of w?
1
Suppose 0 = -3*g + g. Suppose 0 = -5*n - 17 - 8, 4*u + 4*n - 8 = g. Let h = 16 - u. What is the units digit of h?
9
Suppose -z = -3*z + 6. Let d be 102/9 + (-2)/(-3). Let g = d + z. What is the tens digit of g?
1
Suppose -7*b = -3*b - 92. What is the tens digit of b?
2
Let x = 18 + -29. Let d = 15 + x. Suppose -d*a - 3 = -31. What is the units digit of a?
7
Let b = 20 - 10. Let i be (-2 - 3)*(-8)/b. What is the units digit of (i/5)/(1/5)?
4
Let q(s) = s**2 + 4*s. Let p be q(-4). Let x(k) = 8 + k**2 + 1 + 11 - 4. What is the tens digit of x(p)?
1
Let t(k) = -k - 5. Let c be t(-5). Suppose -3*i + 2 + 1 = c. What is the units digit of i?
1
Suppose 4*v = -4*b + 40, -5*v = 4*b - 2*b - 29. What is the units digit of b?
7
Suppose 3*c + 60 = -c. Let t = 2 - c. What is the tens digit of t?
1
Suppose 0*b - 3*l = 2*b - 2, 2*b - 2 = -l. Let j be (-30)/18*(b + 2). Let a(z) = z + 12. What is the units digit of a(j)?
7
Let m(o) = -2*o**3 + o**2 + o + 1. Let h be m(-1). What is the tens digit of (4/h)/(9/216)?
3
Let a(x) = 14*x**3 - 2*x**2 + x. Suppose -2*g - 2*d - 6 = 2*d, 9 = 3*g - 3*d. What is the units digit of a(g)?
3
Suppose -2*d + 7*d = g + 33, 2*g = 4. Let a(j) = j - 1. Let i be a(4). Suppose -20 = -i*f + d. What is the units digit of f?
9
Suppose -4*i + 9*i = 55. Let f = i + -9. What is the units digit of f?
2
Let p = -18 - -39. Suppose -w - 3 = -2*f, -6*f + f + p = 2*w. Suppose 3*q - 2*n = 0, q - w*n + 11 = 2*q. What is the units digit of q?
2
Let s(a) = 2*a**2 - 6*a - 5. Suppose -3*d + 26 = 8. Let l be s(d). Suppose -5*z + 10 = 0, -2*z - 5 = -4*k + l. What is the tens digit of k?
1
Suppose 20*x = 25*x. Let v = x + 14. What is the units digit of v?
4
Let j = -6 + 9. What is the units di